
{"id":88,"date":"2020-11-13T11:06:40","date_gmt":"2020-11-13T10:06:40","guid":{"rendered":"https:\/\/przedszkole117.edu.wroclaw.pl\/?page_id=88"},"modified":"2025-08-29T06:33:15","modified_gmt":"2025-08-29T04:33:15","slug":"kadra-przedszkola","status":"publish","type":"page","link":"https:\/\/przedszkole117.edu.wroclaw.pl\/index.php\/o-nas\/kadra-przedszkola\/","title":{"rendered":"Kadra przedszkola"},"content":{"rendered":"<div class=\"wpb-content-wrapper\"><p>[vc_row][vc_column width=&#8221;1\/4&#8243;][\/vc_column][vc_column width=&#8221;1\/4&#8243;][\/vc_column][vc_column width=&#8221;1\/4&#8243;][\/vc_column][vc_column width=&#8221;1\/4&#8243;][\/vc_column][\/vc_row][vc_row][vc_column][vc_column_text css=&#8221;&#8221;]<\/p>\n<p style=\"text-align: left\"><strong>Barbara Korbecka &#8211; dyrektor<\/strong><\/p>\n<p style=\"text-align: left\"><strong>Monika Lemiszko &#8211; wicedyrektor<\/strong><\/p>\n<p><strong>Grupa I Pszcz\u00f3\u0142ki<\/strong><\/p>\n<p>Joanna Zygmunt &#8211; Dudzi\u0144ska &#8211; nauczycielka<\/p>\n<p>Edyta Witkowska &#8211; pomoc nauczyciela<\/p>\n<p>Weronika Przetacznik &#8211; pomoc nauczyciela<\/p>\n<p>Kinga Niechowicz &#8211; pomoc techniczna<\/p>\n<p><strong>Grupa II Krasnoludki<\/strong><\/p>\n<p>Ma\u0142gorzata Sad\u0142owska &#8211; nauczycielka<\/p>\n<p>Miros\u0142awa Wi\u015bniewska &#8211; nauczycielka<\/p>\n<p>Anna Gaelicka &#8211; pomoc techniczna<\/p>\n<p><strong>Grupa IV Wiewi\u00f3rki<\/strong><\/p>\n<p>Joanna Osyp &#8211; nauczycielka<\/p>\n<p>Anna Zabojszcza &#8211; nauczycielka<\/p>\n<p>Natalia Krzeszewska &#8211; pomoc nauczyciela<\/p>\n<p>El\u017cbieta W\u0105siak<\/p>\n<p><strong>Grupa III S\u0142oneczka<\/strong><\/p>\n<p>Monika Lemiszko &#8211; nauczycielka<\/p>\n<p>Maria Krzeszewska &#8211; nauczycielka<\/p>\n<p>Aleksandra Klimko &#8211; Bem &#8211; nauczycielka<\/p>\n<p>Anna Rabajczyk &#8211; pomoc nauczyciela<\/p>\n<p><strong>Grupa V Biedronki<\/strong><\/p>\n<p>El\u017cbieta D\u0105browska &#8211; Sta\u0144czuk &#8211; nauczycielka<\/p>\n<p>Patrycja Kula &#8211; nauczycielka<\/p>\n<p>Barbara Zbilska &#8211; pomoc techniczna<\/p>\n<p>&nbsp;<\/p>\n<p><strong>Specjali\u015bci<\/strong> :<\/p>\n<p>&nbsp;<\/p>\n<p>Aleksandra Klimko &#8211; Bem &#8211; psycholog<\/p>\n<p>Beata Bischof &#8211; Tomanek &#8211; logopeda<\/p>\n<p>Karolina Broszczak &#8211; pedagog<\/p>\n<p>Gra\u017cyna Piekarska &#8211; prow. gimnastyk\u0119 og\u00f3lnorozwojow\u0105<\/p>\n<p>[\/vc_column_text][\/vc_column][\/vc_row]<\/p>\n<\/div>","protected":false},"excerpt":{"rendered":"<p>[vc_row][vc_column width=&#8221;1\/4&#8243;][\/vc_column][vc_column width=&#8221;1\/4&#8243;][\/vc_column][vc_column width=&#8221;1\/4&#8243;][\/vc_column][vc_column width=&#8221;1\/4&#8243;][\/vc_column][\/vc_row][vc_row][vc_column][vc_column_text css=&#8221;&#8221;] Barbara Korbecka &#8211; dyrektor Monika Lemiszko &#8211; wicedyrektor Grupa I Pszcz\u00f3\u0142ki Joanna Zygmunt &#8211; Dudzi\u0144ska &#8211; nauczycielka Edyta Witkowska &#8211; pomoc nauczyciela Weronika Przetacznik [&hellip;]<\/p>\n","protected":false},"author":15,"featured_media":0,"parent":60,"menu_order":0,"comment_status":"closed","ping_status":"closed","template":"","meta":{"ngg_post_thumbnail":0,"footnotes":""},"class_list":["post-88","page","type-page","status-publish","hentry","clearfix"],"_links":{"self":[{"href":"https:\/\/przedszkole117.edu.wroclaw.pl\/index.php\/wp-json\/wp\/v2\/pages\/88","targetHints":{"allow":["GET"]}}],"collection":[{"href":"https:\/\/przedszkole117.edu.wroclaw.pl\/index.php\/wp-json\/wp\/v2\/pages"}],"about":[{"href":"https:\/\/przedszkole117.edu.wroclaw.pl\/index.php\/wp-json\/wp\/v2\/types\/page"}],"author":[{"embeddable":true,"href":"https:\/\/przedszkole117.edu.wroclaw.pl\/index.php\/wp-json\/wp\/v2\/users\/15"}],"replies":[{"embeddable":true,"href":"https:\/\/przedszkole117.edu.wroclaw.pl\/index.php\/wp-json\/wp\/v2\/comments?post=88"}],"version-history":[{"count":31,"href":"https:\/\/przedszkole117.edu.wroclaw.pl\/index.php\/wp-json\/wp\/v2\/pages\/88\/revisions"}],"predecessor-version":[{"id":1835,"href":"https:\/\/przedszkole117.edu.wroclaw.pl\/index.php\/wp-json\/wp\/v2\/pages\/88\/revisions\/1835"}],"up":[{"embeddable":true,"href":"https:\/\/przedszkole117.edu.wroclaw.pl\/index.php\/wp-json\/wp\/v2\/pages\/60"}],"wp:attachment":[{"href":"https:\/\/przedszkole117.edu.wroclaw.pl\/index.php\/wp-json\/wp\/v2\/media?parent=88"}],"curies":[{"name":"wp","href":"https:\/\/api.w.org\/{rel}","templated":true}]}}