
{"id":209,"date":"2020-11-13T13:39:29","date_gmt":"2020-11-13T12:39:29","guid":{"rendered":"https:\/\/przedszkole117.edu.wroclaw.pl\/?page_id=209"},"modified":"2023-09-22T11:56:09","modified_gmt":"2023-09-22T09:56:09","slug":"rodo","status":"publish","type":"page","link":"https:\/\/przedszkole117.edu.wroclaw.pl\/index.php\/rodo\/","title":{"rendered":"RODO"},"content":{"rendered":"\r\n<h2>Zapraszamy do zapoznania si\u0119 z nast\u0119puj\u0105cymi dokumentami dotycz\u0105cymi zasad przetwarzania Pa\u0144stwa danych osobowych:<\/h2>\r\n\r\n\r\n\r\n<ul class=\"wp-block-list\">\r\n<li>Za\u0142. 7 Klauzula informacyjna- <a href=\"https:\/\/przedszkole117.edu.wroclaw.pl\/wp-content\/uploads\/sites\/52\/2020\/12\/Zal.-7.-Klauzula-zlozenie-pisma-w-placowce.pdf\">z\u0142o\u017cenie pisma w plac\u00f3wce [PDF, 633 KB]<\/a><\/li>\r\n<li>Za\u0142. 7b Klauzula informacyjna- <a href=\"https:\/\/przedszkole117.edu.wroclaw.pl\/wp-content\/uploads\/sites\/52\/2020\/12\/Zal.-7b.-Klauzula-postepowanie-administracyjne.pdf\">post\u0119powanie administracyjne [PDF, 629 KB]<\/a>&nbsp;<\/li>\r\n<li>Za\u0142. 7c Klauzula informacyjna-<a href=\"https:\/\/przedszkole117.edu.wroclaw.pl\/wp-content\/uploads\/sites\/52\/2020\/12\/Zal.-7c.-Klauzula-korespondencja-elektroniczna.pdf\"> korespondencja elektroniczna [PDF, 617 KB]<\/a><\/li>\r\n<li>Za\u0142. 7e Klauzula informacyjna-<a href=\"https:\/\/przedszkole117.edu.wroclaw.pl\/wp-content\/uploads\/sites\/52\/2020\/12\/Zal.-7e.-Klauzula-strona-www.pdf\"> korzystanie ze strony internetowej [PDF, 432 KB]<\/a><\/li>\r\n<li>Za\u0142. 7f Klauzula informacyjna- <a href=\"https:\/\/przedszkole117.edu.wroclaw.pl\/wp-content\/uploads\/sites\/52\/2020\/12\/Zal.-7f.-Klauzula-umowa.pdf\">zawarcie umowy [PDF, 429 KB]<\/a><\/li>\r\n<li>Za\u0142. 7h Klauzula informacyjna- <a href=\"https:\/\/przedszkole117.edu.wroclaw.pl\/wp-content\/uploads\/sites\/52\/2020\/12\/Zal.-7h.-Klauzula-umowa-najmu.pdf\">umowa najmu [PDF, 612 KB]<\/a><\/li>\r\n<li>Za\u0142. 7j Klauzula informacyjna- <a href=\"https:\/\/przedszkole117.edu.wroclaw.pl\/wp-content\/uploads\/sites\/52\/2020\/12\/Zal.-7j.-Kauzula-wolontariusz.pdf\">wolontariat [PDF, 632 KB]<\/a><\/li>\r\n<li>Za\u0142. 7k Klauzul informacyjna- <a href=\"https:\/\/przedszkole117.edu.wroclaw.pl\/wp-content\/uploads\/sites\/52\/2020\/12\/Zal.-7k.-Klauzula-rekrutacja-pracownika.pdf\">rekrutacja pracownika [PDF, 643 KB]<\/a><\/li>\r\n<li>Za\u0142. 7l Klauzula informacyjna- <a href=\"https:\/\/przedszkole117.edu.wroclaw.pl\/wp-content\/uploads\/sites\/52\/2020\/12\/Zal.-7l.-Klauzula-pracownik-nauczyciel.pdf\">zatrudnienie- nauczyciel&nbsp; [PDF, 644 KB]<\/a>&nbsp;<\/li>\r\n<li>Za\u0142. 7m Klauzula informacyjna- <a href=\"https:\/\/przedszkole117.edu.wroclaw.pl\/wp-content\/uploads\/sites\/52\/2020\/12\/Zal.-7m.-Klauzula-pracownik-samorzadowy.pdf\">pracownik samorz\u0105dowy [PDF, 453 KB]<\/a>&nbsp;<\/li>\r\n<li>Za\u0142. 7n Klauzula informacyjna- <a href=\"https:\/\/przedszkole117.edu.wroclaw.pl\/wp-content\/uploads\/sites\/52\/2020\/12\/Zal.-7n.-Klauzula-edukacja-dziecka-w-placowce.pdf\">edukacja dziecka w plac\u00f3wce [PDF, 556 KB]<\/a><\/li>\r\n<li>Za\u0142. 7p Klauzula informacyjna- <a href=\"https:\/\/przedszkole117.edu.wroclaw.pl\/wp-content\/uploads\/sites\/52\/2020\/12\/Zal.-7p.-Klauzula-opiekun-wycieczki.pdf\">opiekun wycieczki [PDF, 642 KB]<\/a><\/li>\r\n<li>Za\u0142. 7s Klauzula informacyjna- <a href=\"https:\/\/przedszkole117.edu.wroclaw.pl\/wp-content\/uploads\/sites\/52\/2020\/12\/Zal.-7s-Klauzula-praca-spolecznie-uzyteczna.pdf\">praca spo\u0142ecznie u\u017cyteczna&nbsp; [PDF, 628 KB]<\/a><\/li>\r\n<li>Za\u0142. 7u Klauzula informacyjna- <a href=\"https:\/\/przedszkole117.edu.wroclaw.pl\/wp-content\/uploads\/sites\/52\/2020\/12\/Zal.-7u.-Klauzula-praktykanci.pdf\">praktykant [PDF, 642 KB] <\/a><\/li>\r\n<li>Za\u0142. 7w Klauzula informacyjna- <a href=\"https:\/\/przedszkole117.edu.wroclaw.pl\/wp-content\/uploads\/sites\/52\/2020\/12\/Zal.-7w.-Klauzula-Fundusz-Zdrowotny.pdf\">Fundusz Zdrowotny [PDF, 639 KB]<\/a><\/li>\r\n<li>Za\u0142. 7x Klauzula informacyjna- <a href=\"https:\/\/przedszkole117.edu.wroclaw.pl\/wp-content\/uploads\/sites\/52\/2020\/12\/Zal.-7x.-Klauzula-dla-osob-upowaznionych-do-odbioru-dziecka-z-przedszkola.pdf\">dla os\u00f3b upowa\u017cnionych do odbioru dziecka z przedszkola [PDF, 617 KB]<\/a><\/li>\r\n<li>Za\u0142. 7r Klauzula informacyjna- <a href=\"https:\/\/przedszkole117.edu.wroclaw.pl\/wp-content\/uploads\/sites\/52\/2021\/01\/Zal.-7r.-Klauzula-przyjecie-dziecka-w-ramach-dyzuru-wakacyjnego-1.pdf\">przyj\u0119cia dziecka w ramach dy\u017curu wakacyjnego [PDF, 614 KB] <\/a><\/li>\r\n<\/ul>\r\n","protected":false},"excerpt":{"rendered":"<p>Zapraszamy do zapoznania si\u0119 z nast\u0119puj\u0105cymi dokumentami dotycz\u0105cymi zasad przetwarzania Pa\u0144stwa danych osobowych: Za\u0142. 7 Klauzula informacyjna- z\u0142o\u017cenie pisma w plac\u00f3wce [PDF, 633 KB] Za\u0142. 7b Klauzula informacyjna- post\u0119powanie administracyjne [&hellip;]<\/p>\n","protected":false},"author":15,"featured_media":0,"parent":0,"menu_order":0,"comment_status":"closed","ping_status":"closed","template":"","meta":{"ngg_post_thumbnail":0,"footnotes":""},"class_list":["post-209","page","type-page","status-publish","hentry","clearfix"],"_links":{"self":[{"href":"https:\/\/przedszkole117.edu.wroclaw.pl\/index.php\/wp-json\/wp\/v2\/pages\/209","targetHints":{"allow":["GET"]}}],"collection":[{"href":"https:\/\/przedszkole117.edu.wroclaw.pl\/index.php\/wp-json\/wp\/v2\/pages"}],"about":[{"href":"https:\/\/przedszkole117.edu.wroclaw.pl\/index.php\/wp-json\/wp\/v2\/types\/page"}],"author":[{"embeddable":true,"href":"https:\/\/przedszkole117.edu.wroclaw.pl\/index.php\/wp-json\/wp\/v2\/users\/15"}],"replies":[{"embeddable":true,"href":"https:\/\/przedszkole117.edu.wroclaw.pl\/index.php\/wp-json\/wp\/v2\/comments?post=209"}],"version-history":[{"count":14,"href":"https:\/\/przedszkole117.edu.wroclaw.pl\/index.php\/wp-json\/wp\/v2\/pages\/209\/revisions"}],"predecessor-version":[{"id":1352,"href":"https:\/\/przedszkole117.edu.wroclaw.pl\/index.php\/wp-json\/wp\/v2\/pages\/209\/revisions\/1352"}],"wp:attachment":[{"href":"https:\/\/przedszkole117.edu.wroclaw.pl\/index.php\/wp-json\/wp\/v2\/media?parent=209"}],"curies":[{"name":"wp","href":"https:\/\/api.w.org\/{rel}","templated":true}]}}