
{"id":181,"date":"2020-11-13T13:14:14","date_gmt":"2020-11-13T12:14:14","guid":{"rendered":"https:\/\/przedszkole117.edu.wroclaw.pl\/?page_id=181"},"modified":"2026-05-11T20:10:02","modified_gmt":"2026-05-11T18:10:02","slug":"dokumenty-do-pobrania","status":"publish","type":"page","link":"https:\/\/przedszkole117.edu.wroclaw.pl\/index.php\/organizacja-pracy-placowki\/dokumenty-do-pobrania\/","title":{"rendered":"Dokumenty do pobrania"},"content":{"rendered":"<p><strong><span style=\"font-size: 14pt;font-family: verdana, geneva\"><a href=\"https:\/\/przedszkole117.edu.wroclaw.pl\/wp-content\/uploads\/sites\/52\/2026\/05\/JPR-117-ZZF-2025.pdf\">JPR-117 ZZF 2025 Sprawozdanie finansowe jednostki<\/a><\/span><\/strong><\/p>\r\n<p><strong><span style=\"font-size: 14pt;font-family: verdana, geneva\"><a href=\"https:\/\/przedszkole117.edu.wroclaw.pl\/wp-content\/uploads\/sites\/52\/2026\/05\/JPR-117-RZS-2025.pdf\">JPR-117 RZS sprawozdanie finansowe jednostki<\/a><\/span><\/strong><\/p>\r\n<p><strong><span style=\"font-size: 14pt;font-family: verdana, geneva\"><a href=\"https:\/\/przedszkole117.edu.wroclaw.pl\/wp-content\/uploads\/sites\/52\/2026\/05\/JPR-117-BILANS-2025.pdf\">JPR-117 BILANS 2025 sprawozdanie finfinansowe jednostki <\/a><\/span><\/strong><\/p>\r\n<p><strong><span style=\"font-size: 14pt;font-family: verdana, geneva\"><a href=\"https:\/\/przedszkole117.edu.wroclaw.pl\/wp-content\/uploads\/sites\/52\/2026\/05\/JPR-117-RZS-2025.pdf\"> 2025<\/a><a href=\"https:\/\/przedszkole117.edu.wroclaw.pl\/wp-content\/uploads\/sites\/52\/2026\/01\/Standardy_Ochrony_Maloletnich1.pdf\">Standardy_Ochrony_Ma\u0142oletnich\u00a0<\/a><\/span><\/strong><\/p>\r\n<p><strong><span style=\"font-family: verdana, geneva;font-size: 14pt\">II cz\u0119\u015b\u0107 &#8211;\u00a0<a href=\"https:\/\/przedszkole117.edu.wroclaw.pl\/wp-content\/uploads\/sites\/52\/2024\/02\/Zalacznik-nr-7-zasady-interwencji-1.docx\">Za\u0142\u0105cznik nr 7 zasady interwencji [DOCX, 41KB]<\/a><\/span><\/strong><\/p>\r\n<p><strong><span style=\"font-size: 14pt;font-family: verdana, geneva\">S<a href=\"https:\/\/przedszkole117.edu.wroclaw.pl\/wp-content\/uploads\/sites\/52\/2024\/09\/statut-08.2019-nowelizacja.doc\">tatut 08.2019 nowelizacja<\/a><\/span><\/strong><\/p>\r\n<p><strong><span style=\"font-size: 14pt;font-family: verdana, geneva\"><a href=\"https:\/\/przedszkole117.edu.wroclaw.pl\/wp-content\/uploads\/sites\/52\/2024\/09\/uchwala-Rady-Miasta-w-sprawie-stawki-dziennej.pdf\">Uchwa\u0142a Rady Miasta w sprawie stawki dziennej<\/a><\/span><\/strong><strong><span style=\"font-family: verdana, geneva;font-size: 14pt\">\u00a0<\/span><\/strong><\/p>\r\n<h2><span style=\"font-family: verdana, geneva;font-size: 14pt\"><a href=\"https:\/\/przedszkole117.edu.wroclaw.pl\/wp-content\/uploads\/sites\/52\/2023\/08\/doc00490520230831093341-1-1.pdf\">uchwa\u0142a Rady Miejskiej Wroc\u0142awia w sprawie czasu bezp\u0142atnego nauczania (&#8230;) wysoko\u015bci op\u0142aty za korzystanie z wychowania przedszkolnego [PDF, 448 KB]<\/a><\/span><\/h2>\r\n<h2><span style=\"font-family: verdana, geneva;font-size: 14pt\"><a href=\"https:\/\/przedszkole117.edu.wroclaw.pl\/wp-content\/uploads\/sites\/52\/2022\/11\/procedura-postepowania-awaria-pradu.pdf\">procedura post\u0119powania awaria pr\u0105du [PDF, 474 KB]<\/a><\/span><\/h2>\r\n<p><span style=\"font-family: verdana, geneva;font-size: 14pt\">\r\n\r\n\r\n\r\n\r\n\r\n<\/span><\/p>\r\n<h2><span style=\"font-family: verdana, geneva;font-size: 14pt\"><a href=\"https:\/\/przedszkole117.edu.wroclaw.pl\/wp-content\/uploads\/sites\/52\/2024\/02\/Wniosek-o-zwolnienie-zoplaty-stalej.pdf\">Wniosek-o-zwolnienie-zoplaty-stalej [PDF, 357KB]<\/a><\/span><\/h2>\r\n<h2><span style=\"font-family: verdana, geneva;font-size: 14pt\"><a href=\"https:\/\/przedszkole117.edu.wroclaw.pl\/wp-content\/uploads\/sites\/52\/2020\/11\/3-Zasady-przetwarzania-Twoich-danych-e-mail.pdf\">Zasady przetwarzania Twoich danych (e-mail) [PDF, 260 KB]<\/a><\/span><\/h2>\r\n<p><span style=\"font-family: verdana, geneva;font-size: 14pt\">\r\n\r\n<\/span><\/p>\r\n<h2><span style=\"font-family: verdana, geneva;font-size: 14pt\"><a href=\"https:\/\/przedszkole117.edu.wroclaw.pl\/wp-content\/uploads\/sites\/52\/2020\/11\/Zasady-przetwarzania_rekrutacja-dziecka-do-placowki-oswiatowej.pdf\">Zasady przetwarzania_rekrutacja dziecka do plac\u00f3wki o\u015bwiatowej [PDF, 278 KB]<\/a><\/span><\/h2>\r\n<p><span style=\"font-family: verdana, geneva;font-size: 14pt\">\r\n\r\n\r\n\r\n\r\n\r\n<\/span><\/p>\r\n<h2><span style=\"font-family: verdana, geneva;font-size: 14pt\"><a href=\"https:\/\/przedszkole117.edu.wroclaw.pl\/wp-content\/uploads\/sites\/52\/2020\/11\/oswiadczenie-rodzica-o-dluotrwalej-nieobecnosci-dziecka-w-przedszkolu.pdf\">O\u015bwiadczenie rodzica o d\u0142ugotrwa\u0142ej nieobecno\u015bci dziecka w przedszkolu [PDF, 822 KB]<\/a><\/span><\/h2>\r\n<p><span style=\"font-family: verdana, geneva;font-size: 14pt\">\r\n\r\n<\/span><\/p>\r\n<h2><span style=\"font-family: verdana, geneva;font-size: 14pt\"><a href=\"https:\/\/przedszkole117.edu.wroclaw.pl\/wp-content\/uploads\/sites\/52\/2020\/11\/Procedura_przypr_i_odbierania.pdf\">Procedura przyprowadzania i odbierania dziecka z przedszkola [PDF, 339 KB]<\/a><\/span><\/h2>\r\n<p><span style=\"font-family: verdana, geneva;font-size: 14pt\">\r\n\r\n<\/span><\/p>\r\n<h2><span style=\"font-family: verdana, geneva;font-size: 14pt\"><a href=\"https:\/\/przedszkole117.edu.wroclaw.pl\/wp-content\/uploads\/sites\/52\/2023\/03\/Polityka-Ochrony-Danych-Osobowych.pdf\">Polityka Ochrony Danych Osobowych [PDF, 205 KB]<\/a><\/span><\/h2>\r\n<h2><span style=\"font-family: verdana, geneva;font-size: 14pt\"><a href=\"https:\/\/przedszkole117.edu.wroclaw.pl\/wp-content\/uploads\/sites\/52\/2023\/05\/sprawozdanie-finansowe.pdf\">sprawozdanie finansowe [PDF, 103 KB]<\/a><\/span><\/h2>\r\n","protected":false},"excerpt":{"rendered":"<p>JPR-117 ZZF 2025 Sprawozdanie finansowe jednostki JPR-117 RZS sprawozdanie finansowe jednostki JPR-117 BILANS 2025 sprawozdanie finfinansowe jednostki 2025Standardy_Ochrony_Ma\u0142oletnich\u00a0 II cz\u0119\u015b\u0107 &#8211;\u00a0Za\u0142\u0105cznik nr 7 zasady interwencji [DOCX, 41KB] Statut 08.2019 nowelizacja [&hellip;]<\/p>\n","protected":false},"author":15,"featured_media":0,"parent":145,"menu_order":0,"comment_status":"closed","ping_status":"closed","template":"","meta":{"ngg_post_thumbnail":0,"footnotes":""},"class_list":["post-181","page","type-page","status-publish","hentry","clearfix"],"_links":{"self":[{"href":"https:\/\/przedszkole117.edu.wroclaw.pl\/index.php\/wp-json\/wp\/v2\/pages\/181","targetHints":{"allow":["GET"]}}],"collection":[{"href":"https:\/\/przedszkole117.edu.wroclaw.pl\/index.php\/wp-json\/wp\/v2\/pages"}],"about":[{"href":"https:\/\/przedszkole117.edu.wroclaw.pl\/index.php\/wp-json\/wp\/v2\/types\/page"}],"author":[{"embeddable":true,"href":"https:\/\/przedszkole117.edu.wroclaw.pl\/index.php\/wp-json\/wp\/v2\/users\/15"}],"replies":[{"embeddable":true,"href":"https:\/\/przedszkole117.edu.wroclaw.pl\/index.php\/wp-json\/wp\/v2\/comments?post=181"}],"version-history":[{"count":34,"href":"https:\/\/przedszkole117.edu.wroclaw.pl\/index.php\/wp-json\/wp\/v2\/pages\/181\/revisions"}],"predecessor-version":[{"id":2490,"href":"https:\/\/przedszkole117.edu.wroclaw.pl\/index.php\/wp-json\/wp\/v2\/pages\/181\/revisions\/2490"}],"up":[{"embeddable":true,"href":"https:\/\/przedszkole117.edu.wroclaw.pl\/index.php\/wp-json\/wp\/v2\/pages\/145"}],"wp:attachment":[{"href":"https:\/\/przedszkole117.edu.wroclaw.pl\/index.php\/wp-json\/wp\/v2\/media?parent=181"}],"curies":[{"name":"wp","href":"https:\/\/api.w.org\/{rel}","templated":true}]}}