
{"id":158,"date":"2020-11-13T12:55:27","date_gmt":"2020-11-13T11:55:27","guid":{"rendered":"https:\/\/przedszkole117.edu.wroclaw.pl\/?page_id=158"},"modified":"2025-11-06T13:10:35","modified_gmt":"2025-11-06T12:10:35","slug":"platnosci","status":"publish","type":"page","link":"https:\/\/przedszkole117.edu.wroclaw.pl\/index.php\/organizacja-pracy-placowki\/platnosci\/","title":{"rendered":"P\u0142atno\u015bci"},"content":{"rendered":"<div class=\"wpb-content-wrapper\"><p>[vc_row][vc_column][vc_column_text css=&#8221;&#8221;]<\/p>\r\n<p><span style=\"font-family: arial, helvetica, sans-serif\">Od dnia 6. grudnia 2018 ka\u017cde dziecko posiada indywidualny numer konta do wp\u0142aty za przedszkole, kt\u00f3ry ka\u017cdy rodzic otrzyma\u0142 drog\u0105 mailow\u0105.<\/span><\/p>\r\n<p><span style=\"font-family: arial, helvetica, sans-serif\"><\/span><\/p>\r\n<p><span style=\"font-family: arial, helvetica, sans-serif\">Przypominamy, \u017ce p\u0142atno\u015bci nale\u017cy dokonywa\u0107 do 15. dnia ka\u017cdego kolejnego miesi\u0105ca.<\/span><\/p>\r\n<p>&nbsp;<\/p>\r\n<p><span style=\"font-family: arial, helvetica, sans-serif\">UWAGA !!!! OD 1 WRZE\u015aNIA 2025r. \u00a0 NAST\u0118PUJE ZMIANA STAWKI \u017bYWIENIOWEJ NA 13z\u0142 (za ca\u0142y dzie\u0144)<\/span><\/p>\r\n\r\n<p>&nbsp;<\/p>\r\n<p>[\/vc_column_text][\/vc_column][\/vc_row]<\/p><\/div>","protected":false},"excerpt":{"rendered":"<p>[vc_row][vc_column][vc_column_text css=&#8221;&#8221;] Od dnia 6. grudnia 2018 ka\u017cde dziecko posiada indywidualny numer konta do wp\u0142aty za przedszkole, kt\u00f3ry ka\u017cdy rodzic otrzyma\u0142 drog\u0105 mailow\u0105. Przypominamy, \u017ce p\u0142atno\u015bci nale\u017cy dokonywa\u0107 do 15. [&hellip;]<\/p>\n","protected":false},"author":15,"featured_media":0,"parent":145,"menu_order":0,"comment_status":"closed","ping_status":"closed","template":"","meta":{"ngg_post_thumbnail":0,"footnotes":""},"class_list":["post-158","page","type-page","status-publish","hentry","clearfix"],"_links":{"self":[{"href":"https:\/\/przedszkole117.edu.wroclaw.pl\/index.php\/wp-json\/wp\/v2\/pages\/158","targetHints":{"allow":["GET"]}}],"collection":[{"href":"https:\/\/przedszkole117.edu.wroclaw.pl\/index.php\/wp-json\/wp\/v2\/pages"}],"about":[{"href":"https:\/\/przedszkole117.edu.wroclaw.pl\/index.php\/wp-json\/wp\/v2\/types\/page"}],"author":[{"embeddable":true,"href":"https:\/\/przedszkole117.edu.wroclaw.pl\/index.php\/wp-json\/wp\/v2\/users\/15"}],"replies":[{"embeddable":true,"href":"https:\/\/przedszkole117.edu.wroclaw.pl\/index.php\/wp-json\/wp\/v2\/comments?post=158"}],"version-history":[{"count":5,"href":"https:\/\/przedszkole117.edu.wroclaw.pl\/index.php\/wp-json\/wp\/v2\/pages\/158\/revisions"}],"predecessor-version":[{"id":2304,"href":"https:\/\/przedszkole117.edu.wroclaw.pl\/index.php\/wp-json\/wp\/v2\/pages\/158\/revisions\/2304"}],"up":[{"embeddable":true,"href":"https:\/\/przedszkole117.edu.wroclaw.pl\/index.php\/wp-json\/wp\/v2\/pages\/145"}],"wp:attachment":[{"href":"https:\/\/przedszkole117.edu.wroclaw.pl\/index.php\/wp-json\/wp\/v2\/media?parent=158"}],"curies":[{"name":"wp","href":"https:\/\/api.w.org\/{rel}","templated":true}]}}